st the prime factors of 3078039.
3, 719, 1427
What are the prime factors of 123765?
3, 5, 37, 223
List the prime factors of 157883.
11, 31, 463
List the prime factors of 822736.
2, 51421
What are the prime factors of 8008654?
2, 641, 6247
What are the prime factors of 2144406?
2, 3, 11, 32491
List the prime factors of 445813.
37, 12049
List the prime factors of 950988.
2, 3, 19, 43, 97
List the prime factors of 13928.
2, 1741
What are the prime factors of 11972623?
13, 920971
List the prime factors of 188579.
188579
What are the prime factors of 9314097?
3, 13, 18371
List the prime factors of 187810.
2, 5, 7, 2683
What are the prime factors of 282245?
5, 19, 2971
List the prime factors of 571379.
47, 12157
List the prime factors of 8164648.
2, 433, 2357
What are the prime factors of 265635?
3, 5, 5903
List the prime factors of 22076033.
7, 3153719
What are the prime factors of 1535906?
2, 293, 2621
List the prime factors of 1324946.
2, 7, 17, 19, 293
List the prime factors of 7963826.
2, 13, 306301
What are the prime factors of 335886?
2, 3, 17, 37, 89
List the prime factors of 382121.
211, 1811
What are the prime factors of 2858453?
13, 219881
What are the prime factors of 166527?
3, 18503
List the prime factors of 575859.
3, 191953
List the prime factors of 257315.
5, 53, 971
What are the prime factors of 1278070?
2, 5, 127807
What are the prime factors of 2245402?
2, 1122701
List the prime factors of 8021925.
3, 5, 101, 353
What are the prime factors of 199250?
2, 5, 797
List the prime factors of 164317.
37, 4441
What are the prime factors of 386752?
2, 6043
What are the prime factors of 1033082?
2, 516541
List the prime factors of 1971148.
2, 179, 2753
List the prime factors of 1248.
2, 3, 13
What are the prime factors of 535279?
17, 23, 37
What are the prime factors of 240117?
3, 80039
List the prime factors of 664514.
2, 53, 6269
What are the prime factors of 18857?
109, 173
What are the prime factors of 8664387?
3, 53, 54493
What are the prime factors of 84850?
2, 5, 1697
What are the prime factors of 3125539?
23, 135893
What are the prime factors of 26031380?
2, 5, 109, 11941
List the prime factors of 35069408.
2, 11, 67, 1487
List the prime factors of 16050464.
2, 501577
List the prime factors of 1674313.
17, 149, 661
List the prime factors of 783722.
2, 391861
What are the prime factors of 3273889?
23, 137, 1039
List the prime factors of 17662190.
2, 5, 7, 13, 1493
What are the prime factors of 31636263?
3, 10545421
List the prime factors of 19898361.
3, 7, 45121
What are the prime factors of 188995?
5, 37799
What are the prime factors of 1505048?
2, 419, 449
What are the prime factors of 2139548?
2, 277, 1931
What are the prime factors of 1471014?
2, 3, 27241
List the prime factors of 62597.
62597
List the prime factors of 100447.
100447
List the prime factors of 9295217.
9295217
List the prime factors of 7854505.
5, 19, 29, 2851
List the prime factors of 3072914.
2, 13, 118189
What are the prime factors of 749720?
2, 5, 18743
What are the prime factors of 4063432?
2, 47, 101, 107
What are the prime factors of 31539?
3, 10513
What are the prime factors of 2139234?
2, 3, 109, 3271
What are the prime factors of 2510885?
5, 13, 38629
What are the prime factors of 1014181?
7, 144883
What are the prime factors of 2798994?
2, 3, 11, 42409
List the prime factors of 2008960.
2, 5, 43, 73
What are the prime factors of 23790?
2, 3, 5, 13, 61
What are the prime factors of 16395?
3, 5, 1093
List the prime factors of 1441582.
2, 720791
List the prime factors of 1946292.
2, 3, 59, 2749
What are the prime factors of 57547?
7, 8221
List the prime factors of 26858462.
2, 31, 433201
What are the prime factors of 20089321?
7, 283, 10141
What are the prime factors of 9094808?
2, 83, 13697
List the prime factors of 411162.
2, 3, 17, 29, 139
List the prime factors of 4556798.
2, 227, 10037
List the prime factors of 5988818.
2, 11, 137, 1987
List the prime factors of 487041.
3, 31, 5237
List the prime factors of 3311720.
2, 5, 82793
List the prime factors of 297470.
2, 5, 151, 197
What are the prime factors of 26508774?
2, 3, 211, 20939
List the prime factors of 38040012.
2, 3, 1056667
What are the prime factors of 91872?
2, 3, 11, 29
List the prime factors of 333967.
337, 991
List the prime factors of 1515981.
3, 505327
What are the prime factors of 9959409?
3, 61, 6047
List the prime factors of 4569413.
17, 268789
What are the prime factors of 380172?
2, 3, 13, 2437
What are the prime factors of 5497276?
2, 23, 59753
List the prime factors of 5151848.
2, 13, 49537
What are the prime factors of 337451?
53, 6367
List the prime factors of 2215100.
2, 5, 17, 1303
List the prime factors of 884550.
2, 3, 5, 5897
List the prime factors of 6419.
7, 131
List the prime factors of 8294181.
3, 7, 17, 3319
What are the prime factors of 784191?
3, 43, 6079
What are the prime factors of 3094626?
2, 3, 515771
List the prime factors of 2837112.
2, 3, 118213
List the prime factors of 8380912.
2, 31, 61, 277
What are the prime factors of 1803701?
1803701
What are the prime factors of 2117704?
2, 97, 2729
What are the prime factors of 6012147?
3, 2004049
What are the prime factors of 5367473?
1627, 3299
List the prime factors of 535054.
2, 13, 1583
What are the prime factors of 9039049?
9039049
List the prime factors of 353700.
2, 3, 5, 131
List the prime factors of 1252544.
2, 19571
List the prime factors of 474987.
3, 158329
What are the prime factors of 2321298?
2, 3, 7, 23, 89
What are the prime factors of 3909204?
2, 3, 13, 8353
List the prime factors of 673268.
2, 17, 9901
List the prime factors of 145416.
2, 3, 73, 83
List the prime factors of 2180218.
2, 73, 109, 137
List the prime factors of 59865.
3, 5, 13, 307
What are the prime factors of 1800901?
37, 48673
List the prime factors of 24446100.
2, 3, 5, 7, 1663
List the prime factors of 4425483.
3, 241, 6121
What are the prime factors of 193347?
3, 7, 11, 31
List the prime factors of 14873631.
3, 283, 17519
List the prime factors of 10521475.
5, 420859
What are the prime factors of 13140999?
3, 1460111
List the prime factors of 1468709.
11, 133519
List the prime factors of 898464.
2, 3, 7, 191
What are the prime factors of 23732524?
2, 5933131
List the prime factors of 15695.
5, 43, 73
What are the prime factors of 7384898?
2, 3692449
List the prime factors of 10789.
10789
What are the prime factors of 6346268?
2, 1586567
List the prime factors of 406929.
3, 17, 79, 101
List the prime factors of 126100.
2, 5, 13, 97
What are the prime factors of 3152288?
2, 23, 4283
What are the prime factors of 1044991?
37, 61, 463
What are the prime factors of 21569350?
2, 5, 11, 39217
What are the prime factors of 15920469?
3, 196549
List the prime factors of 1598011.
1598011
List the prime factors of 15757405.
5, 3151481
List the prime factors of 4805409.
3, 7, 228829
What are the prime factors of 5041462?
2, 23, 109597
List the prime factors of 25707.
3, 11, 19, 41
What are the prime factors of 10403792?
2, 7, 19, 4889
List the prime factors of 239544.
2, 3, 1109
List the prime factors of 79130.
2, 5, 41, 193
What are the prime factors of 3665838?
2, 3, 11, 67, 829
What are the prime factors of 13330479?
3, 4443493
List the prime factors of 9426774.
2, 3, 7, 19, 11813
What are the prime factors of 3595965?
3, 5, 239731
List the prime factors of 2042490.
2, 3, 5, 103, 661
List the prime factors of 15603844.
2, 23, 169607
List the prime factors of 44043.
3, 53, 277
List the prime factors of 181991.
127, 1433
What are the prime factors of 116899?
29, 139
What are the prime factors of 48618?
2, 3, 37, 73
List the prime factors of 2575722.
2, 3, 29, 113, 131
List the prime factors of 181195.
5, 7, 31, 167
What are the prime factors of 2595687?
3, 293, 2953
List the prime factors of 2146993.
2146993
List the prime factors of 1291044.
2, 3, 271, 397
List the prime factors of 515542.
2, 17, 59, 257
What are the prime factors of 1268320?
2, 5, 7927
List the prime factors of 5872783.
7, 838969
What are the prime factors of 4000922?
2, 31, 47, 1373
What are the prime factors of 1058986?
2, 283, 1871
What are the prime factors of 613976?
2, 11, 6977
List the prime factors of 8778460.
2, 5, 17, 25819
What are the prime factors of 15